{"id":307,"date":"2025-01-20T14:47:02","date_gmt":"2025-01-20T14:47:02","guid":{"rendered":"https:\/\/www.voutstrainer.fr\/?page_id=307"},"modified":"2025-01-21T17:05:19","modified_gmt":"2025-01-21T17:05:19","slug":"a-propos","status":"publish","type":"page","link":"https:\/\/www.voutstrainer.fr\/?page_id=307","title":{"rendered":"A Propos"},"content":{"rendered":"<p>[et_pb_section fb_built=\u00a0\u00bb1&Prime; _builder_version=\u00a0\u00bb4.23.1&Prime; _module_preset=\u00a0\u00bbdefault\u00a0\u00bb background_color=\u00a0\u00bb#001828&Prime; module_alignment=\u00a0\u00bbcenter\u00a0\u00bb custom_padding=\u00a0\u00bb26px||19px||false|false\u00a0\u00bb global_colors_info=\u00a0\u00bb{}\u00a0\u00bb][et_pb_row column_structure=\u00a0\u00bb3_4,1_4&Prime; _builder_version=\u00a0\u00bb4.23.1&Prime; _module_preset=\u00a0\u00bbdefault\u00a0\u00bb custom_margin=\u00a0\u00bb||||false|false\u00a0\u00bb custom_padding=\u00a0\u00bb32px||20px||false|false\u00a0\u00bb global_colors_info=\u00a0\u00bb{}\u00a0\u00bb][et_pb_column type=\u00a0\u00bb3_4&Prime; _builder_version=\u00a0\u00bb4.23.1&Prime; _module_preset=\u00a0\u00bbdefault\u00a0\u00bb global_colors_info=\u00a0\u00bb{}\u00a0\u00bb][et_pb_menu active_link_color=\u00a0\u00bb#B7A15E\u00a0\u00bb dropdown_menu_bg_color=\u00a0\u00bb#001828&Prime; dropdown_menu_line_color=\u00a0\u00bb#001828&Prime; dropdown_menu_text_color=\u00a0\u00bb#FFFFFF\u00a0\u00bb dropdown_menu_active_link_color=\u00a0\u00bb#B7A15E\u00a0\u00bb mobile_menu_bg_color=\u00a0\u00bb#001828&Prime; mobile_menu_text_color=\u00a0\u00bb#FFFFFF\u00a0\u00bb logo=\u00a0\u00bbhttps:\/\/www.voutstrainer.fr\/wp-content\/uploads\/2025\/01\/LogoVoutstrainer.png\u00a0\u00bb logo_url=\u00a0\u00bb@ET-DC@eyJkeW5hbWljIjp0cnVlLCJjb250ZW50IjoicG9zdF9saW5rX3VybF9wYWdlIiwic2V0dGluZ3MiOnsicG9zdF9pZCI6IjE2In19@\u00a0\u00bb logo_width=\u00a0\u00bb23%\u00a0\u00bb logo_max_height=\u00a0\u00bb200px\u00a0\u00bb logo_tablet=\u00a0\u00bbhttps:\/\/www.voutstrainer.fr\/wp-content\/uploads\/2025\/01\/LogoVoutstrainer.png\u00a0\u00bb logo_phone=\u00a0\u00bbhttps:\/\/www.voutstrainer.fr\/wp-content\/uploads\/2025\/01\/LogoVoutstrainer.png\u00a0\u00bb logo_last_edited=\u00a0\u00bbon|phone\u00a0\u00bb logo_width_tablet=\u00a0\u00bb37%\u00a0\u00bb logo_width_phone=\u00a0\u00bb71%\u00a0\u00bb logo_width_last_edited=\u00a0\u00bbon|desktop\u00a0\u00bb _builder_version=\u00a0\u00bb4.23.1&Prime; _dynamic_attributes=\u00a0\u00bblogo_url\u00a0\u00bb _module_preset=\u00a0\u00bbdefault\u00a0\u00bb menu_font=\u00a0\u00bb||||||||\u00a0\u00bb menu_text_color=\u00a0\u00bb#FFFFFF\u00a0\u00bb menu_font_size=\u00a0\u00bb15px\u00a0\u00bb menu_line_height=\u00a0\u00bb1.5em\u00a0\u00bb background_enable_color=\u00a0\u00bboff\u00a0\u00bb text_orientation=\u00a0\u00bbcenter\u00a0\u00bb max_width=\u00a0\u00bb100%\u00a0\u00bb module_alignment=\u00a0\u00bbcenter\u00a0\u00bb min_height=\u00a0\u00bb50px\u00a0\u00bb custom_margin=\u00a0\u00bb||||false|false\u00a0\u00bb custom_padding=\u00a0\u00bb||||false|false\u00a0\u00bb global_colors_info=\u00a0\u00bb{}\u00a0\u00bb active_link_color__hover_enabled=\u00a0\u00bbon|desktop\u00a0\u00bb active_link_color__hover=\u00a0\u00bb#B7A15E\u00a0\u00bb][\/et_pb_menu][\/et_pb_column][et_pb_column type=\u00a0\u00bb1_4&Prime; _builder_version=\u00a0\u00bb4.23.1&Prime; _module_preset=\u00a0\u00bbdefault\u00a0\u00bb custom_padding=\u00a0\u00bb20px||||false|false\u00a0\u00bb custom_padding_tablet=\u00a0\u00bb20px||||false|false\u00a0\u00bb custom_padding_phone=\u00a0\u00bb0px||||false|false\u00a0\u00bb custom_padding_last_edited=\u00a0\u00bbon|phone\u00a0\u00bb global_colors_info=\u00a0\u00bb{}\u00a0\u00bb][et_pb_button button_text=\u00a0\u00bbContact N\u00b006.76.83.83.85&Prime; button_alignment=\u00a0\u00bbcenter\u00a0\u00bb _builder_version=\u00a0\u00bb4.23.1&Prime; _module_preset=\u00a0\u00bbdefault\u00a0\u00bb custom_button=\u00a0\u00bbon\u00a0\u00bb button_text_size=\u00a0\u00bb15px\u00a0\u00bb button_border_width=\u00a0\u00bb1px\u00a0\u00bb button_icon=\u00a0\u00bb&#xf095;||fa||900&Prime; custom_padding=\u00a0\u00bb5px||3px|||\u00a0\u00bb global_colors_info=\u00a0\u00bb{}\u00a0\u00bb][\/et_pb_button][\/et_pb_column][\/et_pb_row][\/et_pb_section][et_pb_section fb_built=\u00a0\u00bb1&Prime; _builder_version=\u00a0\u00bb4.23.1&Prime; _module_preset=\u00a0\u00bbdefault\u00a0\u00bb background_color=\u00a0\u00bb#001828&Prime; global_colors_info=\u00a0\u00bb{}\u00a0\u00bb][et_pb_row column_structure=\u00a0\u00bb1_3,1_3,1_3&Prime; _builder_version=\u00a0\u00bb4.23.1&Prime; _module_preset=\u00a0\u00bbdefault\u00a0\u00bb global_colors_info=\u00a0\u00bb{}\u00a0\u00bb][et_pb_column type=\u00a0\u00bb1_3&Prime; _builder_version=\u00a0\u00bb4.23.1&Prime; _module_preset=\u00a0\u00bbdefault\u00a0\u00bb global_colors_info=\u00a0\u00bb{}\u00a0\u00bb][et_pb_text _builder_version=\u00a0\u00bb4.23.1&Prime; _module_preset=\u00a0\u00bbdefault\u00a0\u00bb header_font=\u00a0\u00bb|300|||||||\u00a0\u00bb header_text_color=\u00a0\u00bb#FFFFFF\u00a0\u00bb header_font_size=\u00a0\u00bb40px\u00a0\u00bb custom_margin=\u00a0\u00bb||9px|||\u00a0\u00bb header_font_size_tablet=\u00a0\u00bb40px\u00a0\u00bb header_font_size_phone=\u00a0\u00bb30px\u00a0\u00bb header_font_size_last_edited=\u00a0\u00bbon|desktop\u00a0\u00bb global_colors_info=\u00a0\u00bb{}\u00a0\u00bb]<\/p>\n<h1>C\u00c9DRIC VOUTIER<\/h1>\n<p>[\/et_pb_text][et_pb_text _builder_version=\u00a0\u00bb4.23.1&Prime; _module_preset=\u00a0\u00bbdefault\u00a0\u00bb text_text_color=\u00a0\u00bb#FFFFFF\u00a0\u00bb text_font_size=\u00a0\u00bb16px\u00a0\u00bb header_text_color=\u00a0\u00bb#FFFFFF\u00a0\u00bb header_6_text_color=\u00a0\u00bb#B7A15E\u00a0\u00bb header_6_font_size=\u00a0\u00bb18px\u00a0\u00bb header_6_line_height=\u00a0\u00bb1.2em\u00a0\u00bb global_colors_info=\u00a0\u00bb{}\u00a0\u00bb]<\/p>\n<h6>Passionn\u00e9 par le fonctionnement du corps humain sous toutes ses formes, je me consacre depuis plus de 20 ans \u00e0 accompagner les particuliers et les sportifs vers leurs objectifs en alliant synergie entre performance et bien-\u00eatre.<\/h6>\n<p>Apr\u00e8s avoir d\u00e9but\u00e9 mon parcours acad\u00e9mique par l\u2019obtention d&rsquo;une licence en math\u00e9matiques, j\u2019ai fait un choix d\u00e9cisif : quitter le chemin trac\u00e9 vers l\u2019enseignement pour suivre ma passion. J\u2019ai ainsi int\u00e9gr\u00e9 le STAPS, obtenant une licence en Entra\u00eenement Sportif puis un Master 2 en Pr\u00e9paration Physique et Mentale en 2007, dont je suis sorti major de promotion en 2007. Depuis ce moment, je n\u2019ai cess\u00e9 d\u2019investir sur moi pour progresser dans la connaissance et la ma\u00eetrise de techniques permettant de traiter le bien \u00eatre et la performance des personnes : instructeur en m\u00e9ditation et en techniques \u00e9nerg\u00e9tiques NIJI, conseiller en nutrition, certifi\u00e9 en techniques de r\u00e9cup\u00e9ration, en techniques de respiration, en profilage moteur et mental, au MBTI, en aromath\u00e9rapie, en lithoth\u00e9rapie, en auto massages&#8230;<\/p>\n<p>[\/et_pb_text][\/et_pb_column][et_pb_column type=\u00a0\u00bb1_3&Prime; _builder_version=\u00a0\u00bb4.23.1&Prime; _module_preset=\u00a0\u00bbdefault\u00a0\u00bb global_colors_info=\u00a0\u00bb{}\u00a0\u00bb][et_pb_text _builder_version=\u00a0\u00bb4.23.1&Prime; _module_preset=\u00a0\u00bbdefault\u00a0\u00bb text_text_color=\u00a0\u00bb#FFFFFF\u00a0\u00bb text_font_size=\u00a0\u00bb16px\u00a0\u00bb header_text_color=\u00a0\u00bb#FFFFFF\u00a0\u00bb global_colors_info=\u00a0\u00bb{}\u00a0\u00bb]<\/p>\n<p>De plus j\u2019ai eu la chance de collaborer et\/ou d\u2019\u00eatre form\u00e9 avec des figures influentes telles que Philippe Bergeroo, Fr\u00e9d\u00e9ric Aubert, Christophe Capian, Ralph Hippolyte, Sylvain Mira et Paul Matrat dont les enseignements ont fa\u00e7onn\u00e9 ma vision actuelle.<\/p>\n<p>Mes accompagnements et services propos\u00e9s reposent donc aujourd&rsquo;hui sur une vision personnalis\u00e9e de la synergie bien \u00eatre &#8211; performance, d\u00e9velopp\u00e9e aussi gr\u00e2ce \u00e0 des exp\u00e9riences de terrain vari\u00e9es :<br \/>\u2022 En tant que \u00ab coach \u00bb pour particuliers et sportifs depuis 2016.<br \/>\u2022 En tant que formateur en pr\u00e9paration mentale et physique depuis 2020.<br \/>\u2022 En tant que formateur au P\u00f4le National de Pr\u00e9paration Athl\u00e9tique de la F\u00e9d\u00e9ration Fran\u00e7aise de Football \u00e0 Clairefontaine de 2014 \u00e0 2019.<br \/>\u2022 Avec l\u2019\u00e9quipe de France f\u00e9minine lors des Jeux Olympiques de Rio en 2016 en charge de la pr\u00e9paration athl\u00e9tique.<br \/>\u2022 En tant que s\u00e9lectionneur de l\u2019\u00e9quipe de France militaire f\u00e9minine, avec laquelle nous avons atteint une 4\u1d49 place en Coupe du Monde en 2018 et particip\u00e9 aux Jeux Mondiaux de Wuhan en 2019.<br \/>\u2022 En tant qu\u2019entra\u00eeneur de football de 1999 \u00e0 2014.<\/p>\n<p>[\/et_pb_text][\/et_pb_column][et_pb_column type=\u00a0\u00bb1_3&Prime; _builder_version=\u00a0\u00bb4.23.1&Prime; _module_preset=\u00a0\u00bbdefault\u00a0\u00bb global_colors_info=\u00a0\u00bb{}\u00a0\u00bb][et_pb_image src=\u00a0\u00bbhttps:\/\/www.voutstrainer.fr\/wp-content\/uploads\/2025\/01\/CedricVoutier.png\u00a0\u00bb title_text=\u00a0\u00bbCedricVoutier\u00a0\u00bb _builder_version=\u00a0\u00bb4.23.1&Prime; _module_preset=\u00a0\u00bbdefault\u00a0\u00bb global_colors_info=\u00a0\u00bb{}\u00a0\u00bb][\/et_pb_image][\/et_pb_column][\/et_pb_row][\/et_pb_section]<\/p>\n","protected":false},"excerpt":{"rendered":"<p>C\u00c9DRIC VOUTIERPassionn\u00e9 par le fonctionnement du corps humain sous toutes ses formes, je me consacre depuis plus de 20 ans \u00e0 accompagner les particuliers et les sportifs vers leurs objectifs en alliant synergie entre performance et bien-\u00eatre. Apr\u00e8s avoir d\u00e9but\u00e9 mon parcours acad\u00e9mique par l\u2019obtention d&rsquo;une licence en math\u00e9matiques, j\u2019ai fait un choix d\u00e9cisif : quitter le chemin trac\u00e9 vers l\u2019enseignement pour suivre ma passion. J\u2019ai ainsi int\u00e9gr\u00e9 le STAPS, obtenant une licence en Entra\u00eenement Sportif puis un Master 2 en Pr\u00e9paration Physique et Mentale en 2007, dont je suis sorti major de promotion en 2007. Depuis ce moment, je n\u2019ai cess\u00e9 d\u2019investir sur moi pour progresser dans la connaissance et la ma\u00eetrise de techniques permettant de traiter le bien \u00eatre et la performance des personnes : instructeur en m\u00e9ditation et en techniques \u00e9nerg\u00e9tiques NIJI, conseiller en nutrition, certifi\u00e9 en techniques de r\u00e9cup\u00e9ration, en techniques de respiration, en profilage moteur et mental, au MBTI, en aromath\u00e9rapie, en lithoth\u00e9rapie, en auto massages&#8230;De plus j\u2019ai eu la chance de collaborer et\/ou d\u2019\u00eatre form\u00e9 avec des figures influentes telles que Philippe Bergeroo, Fr\u00e9d\u00e9ric Aubert, Christophe Capian, Ralph Hippolyte, Sylvain Mira et Paul Matrat dont les enseignements ont fa\u00e7onn\u00e9 ma vision actuelle.Mes accompagnements et [&hellip;]<\/p>\n","protected":false},"author":1,"featured_media":0,"parent":0,"menu_order":0,"comment_status":"closed","ping_status":"closed","template":"","meta":{"_et_pb_use_builder":"on","_et_pb_old_content":"","_et_gb_content_width":"","inline_featured_image":false,"footnotes":""},"class_list":["post-307","page","type-page","status-publish","hentry"],"_links":{"self":[{"href":"https:\/\/www.voutstrainer.fr\/index.php?rest_route=\/wp\/v2\/pages\/307","targetHints":{"allow":["GET"]}}],"collection":[{"href":"https:\/\/www.voutstrainer.fr\/index.php?rest_route=\/wp\/v2\/pages"}],"about":[{"href":"https:\/\/www.voutstrainer.fr\/index.php?rest_route=\/wp\/v2\/types\/page"}],"author":[{"embeddable":true,"href":"https:\/\/www.voutstrainer.fr\/index.php?rest_route=\/wp\/v2\/users\/1"}],"replies":[{"embeddable":true,"href":"https:\/\/www.voutstrainer.fr\/index.php?rest_route=%2Fwp%2Fv2%2Fcomments&post=307"}],"version-history":[{"count":8,"href":"https:\/\/www.voutstrainer.fr\/index.php?rest_route=\/wp\/v2\/pages\/307\/revisions"}],"predecessor-version":[{"id":352,"href":"https:\/\/www.voutstrainer.fr\/index.php?rest_route=\/wp\/v2\/pages\/307\/revisions\/352"}],"wp:attachment":[{"href":"https:\/\/www.voutstrainer.fr\/index.php?rest_route=%2Fwp%2Fv2%2Fmedia&parent=307"}],"curies":[{"name":"wp","href":"https:\/\/api.w.org\/{rel}","templated":true}]}}